culate the greatest common divisor of 559 and 143.
13
Calculate the highest common factor of 714 and 42.
42
What is the greatest common divisor of 1 and 37?
1
Calculate the greatest common factor of 5247 and 99.
99
Calculate the greatest common divisor of 11 and 44.
11
What is the greatest common factor of 107 and 5564?
107
What is the highest common factor of 590 and 118?
118
Calculate the highest common factor of 400 and 124.
4
What is the greatest common divisor of 5563 and 1?
1
What is the greatest common factor of 1023 and 143?
11
Calculate the greatest common divisor of 67 and 1072.
67
Calculate the highest common factor of 2135 and 140.
35
What is the highest common divisor of 810 and 6210?
270
What is the highest common factor of 41 and 287?
41
What is the greatest common factor of 192 and 816?
48
Calculate the highest common factor of 22 and 187.
11
Calculate the greatest common divisor of 552 and 69.
69
Calculate the highest common factor of 1027 and 13.
13
Calculate the greatest common factor of 1898 and 292.
146
What is the highest common divisor of 2 and 26?
2
What is the highest common factor of 129 and 86?
43
Calculate the highest common divisor of 63 and 294.
21
What is the highest common factor of 364 and 117?
13
Calculate the highest common divisor of 704 and 11.
11
What is the highest common divisor of 969 and 38?
19
What is the highest common divisor of 70 and 280?
70
Calculate the highest common divisor of 14 and 1106.
14
What is the highest common divisor of 7440 and 80?
80
Calculate the greatest common divisor of 110 and 740.
10
What is the highest common factor of 9252 and 72?
36
What is the greatest common divisor of 441 and 98?
49
Calculate the highest common factor of 3 and 207.
3
Calculate the highest common factor of 135 and 18405.
45
What is the greatest common factor of 27 and 18?
9
Calculate the greatest common factor of 164 and 943.
41
What is the greatest common factor of 12 and 123?
3
Calculate the highest common factor of 10624 and 384.
128
What is the greatest common divisor of 65 and 1105?
65
What is the highest common divisor of 11 and 891?
11
What is the greatest common factor of 18249 and 21?
21
Calculate the greatest common divisor of 16 and 144.
16
Calculate the greatest common divisor of 462 and 2673.
33
Calculate the highest common factor of 363 and 66.
33
What is the highest common divisor of 672 and 378?
42
What is the greatest common divisor of 14 and 434?
14
Calculate the greatest common factor of 20 and 148.
4
What is the greatest common divisor of 91 and 13?
13
What is the greatest common factor of 1768 and 544?
136
Calculate the highest common divisor of 231 and 264.
33
What is the highest common factor of 182 and 104?
26
What is the greatest common divisor of 1474 and 22?
22
What is the greatest common divisor of 38304 and 126?
126
What is the greatest common factor of 672 and 288?
96
What is the highest common divisor of 15 and 3975?
15
What is the highest common divisor of 332 and 8?
4
What is the greatest common divisor of 28281 and 33?
33
Calculate the greatest common divisor of 30 and 1230.
30
What is the highest common divisor of 4590 and 6?
6
What is the highest common divisor of 620 and 50?
10
Calculate the greatest common divisor of 169 and 39.
13
What is the highest common factor of 88 and 62?
2
What is the highest common divisor of 352 and 968?
88
Calculate the highest common divisor of 154 and 253.
11
Calculate the highest common divisor of 152 and 10488.
152
Calculate the greatest common divisor of 140 and 20.
20
What is the greatest common divisor of 2853 and 36?
9
What is the highest common factor of 109 and 4?
1
Calculate the greatest common factor of 276 and 84.
12
Calculate the greatest common factor of 7 and 630.
7
Calculate the highest common divisor of 49 and 21.
7
Calculate the highest common divisor of 649 and 1829.
59
What is the greatest common divisor of 26 and 104?
26
Calculate the highest common divisor of 162 and 378.
54
What is the highest common divisor of 261 and 29?
29
What is the highest common factor of 100 and 25?
25
Calculate the greatest common divisor of 324 and 24.
12
Calculate the highest common divisor of 412 and 4.
4
Calculate the highest common factor of 918 and 102.
102
Calculate the highest common divisor of 583 and 44.
11
Calculate the greatest common divisor of 1335 and 285.
15
Calculate the greatest common divisor of 110 and 638.
22
Calculate the greatest common factor of 542 and 2.
2
What is the greatest common factor of 56 and 119?
7
What is the greatest common factor of 144 and 9?
9
Calculate the highest common factor of 637 and 91.
91
What is the greatest common divisor of 10 and 810?
10
What is the greatest common divisor of 80 and 144?
16
Calculate the greatest common divisor of 1716 and 108.
12
What is the greatest common factor of 39 and 12623?
13
Calculate the greatest common divisor of 40 and 180.
20
Calculate the highest common factor of 26856 and 8.
8
Calculate the greatest common divisor of 231 and 407.
11
What is the greatest common factor of 190 and 304?
38
What is the greatest common factor of 17 and 40783?
17
What is the highest common divisor of 16 and 6252?
4
Calculate the highest common factor of 15 and 135.
15
Calculate the highest common factor of 31785 and 195.
195
Calculate the greatest common divisor of 12 and 4604.
4
What is the highest common factor of 4704 and 490?
98
Calculate the greatest common divisor of 600 and 225.
75
What is the greatest common divisor of 92 and 12?
4
Calculate the highest common divisor of 590 and 90.
10
Calculate the greatest common factor of 14705 and 85.
85
What is the greatest common divisor of 553 and 2528?
79
What is the greatest common divisor of 14442 and 166?
166
What is the highest common divisor of 1105 and 13?
13
What is the greatest common factor of 32 and 2?
2
Calculate the highest common factor of 31 and 341.
31
Calculate the highest common factor of 93 and 155.
31
What is the highest common divisor of 212 and 172?
4
Calculate the greatest common divisor of 1482 and 4332.
114
Calculate the highest common divisor of 3477 and 732.
183
What is the greatest common factor of 10 and 1500?
10
Calculate the greatest common divisor of 1280 and 12544.
256
What is the highest common divisor of 8 and 64?
8
Calculate the highest common factor of 143 and 33.
11
Calculate the greatest common factor of 41 and 1025.
41
What is the highest common factor of 12 and 4749?
3
Calculate the highest common factor of 1184 and 333.
37
Calculate the highest common divisor of 59 and 649.
59
Calculate the greatest common divisor of 1344 and 84.
84
Calculate the highest common factor of 44 and 8.
4
What is the highest common divisor of 7680 and 64?
64
Calculate the greatest common divisor of 38 and 646.
38
Calculate the highest common divisor of 426 and 710.
142
What is the greatest common factor of 192 and 7776?
96
Calculate the greatest common factor of 52 and 108.
4
Calculate the greatest common divisor of 15 and 675.
15
Calculate the greatest common factor of 9471 and 693.
231
Calculate the highest common divisor of 18 and 88002.
18
Calculate the highest common factor of 135 and 15.
15
What is the highest common factor of 910 and 105?
35
Calculate the highest common factor of 460 and 120.
20
What is the greatest common factor of 336 and 78?
6
What is the highest common divisor of 101432 and 248?
248
What is the highest common factor of 1536 and 48?
48
What is the highest common divisor of 1539 and 19?
19
What is the greatest common divisor of 5 and 85?
5
Calculate the greatest common factor of 507 and 208.
13
Calculate the highest common divisor of 10 and 2630.
10
What is the highest common factor of 513 and 22743?
171
What is the highest common divisor of 187 and 425?
17
Calculate the greatest common factor of 171 and 9.
9
What is the highest common divisor of 2148 and 6?
6
Calculate the greatest common factor of 3477 and 1281.
183
What is the highest common factor of 441 and 7?
7
Calculate the highest common factor of 1648 and 16.
16
What is the highest common factor of 210 and 12?
6
What is the highest common divisor of 1035 and 18?
9
Calculate the greatest common factor of 15 and 345.
15
Calcul